470
Convert -764 (base 8) to base 11.
-415
Convert 223 (base 6) to base 15.
5c
Convert 2b64 (base 15) to base 13.
431b
Convert -1531 (base 12) to base 14.
-c97
What is -2c0d (base 15) in base 2?
-10010011110111
Convert -8b (base 15) to base 4.
-2003
Convert 3626 (base 11) to base 4.
1022023
What is 1524 (base 7) in base 9?
743
Convert 1263 (base 7) to base 14.
26a
Convert 149 (base 16) to base 7.
650
Convert 2320 (base 4) to base 12.
134
-20b3 (base 13) to base 2
-1000110111100
What is 4001 (base 6) in base 4?
31201
What is -100000101100 (base 2) in base 3?
-2212111
What is -12cd (base 16) in base 2?
-1001011001101
What is 2301312 (base 4) in base 5?
331012
Convert -1122100 (base 3) to base 8.
-2255
Convert 272333 (base 8) to base 3.
11211221020
What is 242 (base 11) in base 15?
143
-119 (base 14) to base 12
-163
Convert 156 (base 11) to base 14.
d0
What is -542 (base 11) in base 16?
-28b
Convert 131321 (base 4) to base 14.
9a9
What is 44 (base 12) in base 10?
52
What is 110235 (base 6) in base 13?
4232
Convert 76705 (base 8) to base 10.
32197
What is 853b (base 13) in base 8?
44047
What is 423 (base 5) in base 9?
135
-1002220 (base 4) to base 9
-5757
-100101110010100 (base 2) to base 10
-19348
Convert 30312 (base 4) to base 8.
1466
-3064 (base 7) to base 15
-4ba
What is -10003311 (base 4) in base 16?
-40f5
What is 4d (base 15) in base 8?
111
Convert -2713a (base 12) to base 15.
-10ddd
-a19 (base 12) to base 7
-4155
Convert -6558 (base 10) to base 3.
-22222220
Convert 732 (base 13) to base 5.
14344
Convert -378c (base 16) to base 7.
-56313
Convert 141521 (base 7) to base 15.
800e
Convert -55a (base 15) to base 7.
-3346
-1012121111 (base 3) to base 11
-16952
Convert -1054 (base 6) to base 2.
-11111010
Convert 3916 (base 13) to base 12.
4857
550 (base 9) to base 2
111000010
11102202 (base 3) to base 4
302201
What is 315533 (base 6) in base 16?
6531
31235 (base 6) to base 9
5675
Convert -2302 (base 4) to base 16.
-b2
Convert 3232030 (base 4) to base 7.
62305
What is -22131 (base 4) in base 11?
-559
What is -a9ee (base 15) in base 16?
-8c9f
-220010120 (base 3) to base 5
-1030332
What is -123 (base 8) in base 4?
-1103
What is -456 (base 10) in base 15?
-206
Convert -43331 (base 5) to base 7.
-11435
-22609 (base 11) to base 8
-77647
Convert -101011100011 (base 2) to base 14.
-1031
Convert 1030 (base 4) to base 14.
56
Convert 792 (base 14) to base 12.
a50
What is -aa0 (base 13) in base 4?
-130130
-6f2 (base 16) to base 8
-3362
Convert -2891 (base 11) to base 2.
-111010010010
What is 224404 (base 5) in base 14?
2d4c
Convert -66037 (base 10) to base 13.
-2409a
What is 1ae (base 16) in base 3?
120221
Convert -111101110 (base 2) to base 12.
-352
Convert -1a4 (base 13) to base 6.
-1223
-144 (base 6) to base 7
-121
What is -34 (base 9) in base 12?
-27
What is 1000001001001 (base 2) in base 15?
137e
What is -1422 (base 15) in base 8?
-10323
Convert 816 (base 10) to base 14.
424
-1220220 (base 3) to base 14
-721
What is 5023 (base 8) in base 9?
3475
61115 (base 7) to base 13
6983
831 (base 10) to base 15
3a6
-21b3a (base 12) to base 8
-127436
-123151 (base 7) to base 5
-1211343
What is -110022 (base 3) in base 14?
-19a
-428 (base 11) to base 7
-1333
What is a30 (base 16) in base 9?
3517
db (base 16) to base 3
22010
Convert -1000001111010110 (base 2) to base 8.
-101726
What is -735 (base 15) in base 4?
-121121
-100010000110111 (base 2) to base 3
-212221210
Convert -7785 (base 10) to base 2.
-1111001101001
Convert -697 (base 10) to base 8.
-1271
-50d (base 16) to base 15
-5b3
Convert -11100000 (base 3) to base 14.
-1219
Convert 4c7 (base 16) to base 11.
a12
What is -4cc (base 13) in base 4?
-31030
Convert 1191 (base 15) to base 2.
111010011000
Convert 378a (base 12) to base 9.
8567
Convert -1330220 (base 4) to base 2.
-1111100101000
331 (base 15) to base 13
436
-11362 (base 7) to base 2
-101101110111
Convert -1606 (base 15) to base 10.
-4731
-4101 (base 5) to base 4
-20032
-3d4c (base 16) to base 13
-71b1
469 (base 15) to base 7
2625
-122011 (base 3) to base 10
-463
What is 5 (base 15) in base 14?
5
What is 11122121 (base 3) in base 6?
23411
Convert 10203 (base 4) to base 3.
101210
-370e (base 16) to base 12
-81a6
Convert -252173 (base 8) to base 9.
-142507
Convert -2582 (base 9) to base 12.
-1155
Convert 1558 (base 11) to base 14.
a2b
Convert 3433 (base 11) to base 6.
32521
Convert -20022102 (base 3) to base 11.
-3503
Convert -105116 (base 7) to base 11.
-12a65
What is 556 (base 15) in base 6?
5330
-88 (base 13) to base 9
-134
What is 1789 (base 10) in base 9?
2407
What is -11010010111 (base 2) in base 13?
-9ca
Convert -feb (base 16) to base 3.
-12120221
-3455 (base 8) to base 7
-5233
Convert -1015 (base 10) to base 11.
-843
-30301 (base 4) to base 14
-425
Convert -12d42 (base 14) to base 11.
-31a42
Convert 4804 (base 16) to base 2.
100100000000100
Convert 1010101 (base 3) to base 4.
30310
Convert 61 (base 16) to base 13.
76
Convert -34510 (base 8) to base 7.
-60516
-3575 (base 10) to base 15
-10d5
Convert -1100000100010 (base 2) to base 15.
-1c6d
Convert -20331 (base 4) to base 16.
-23d
What is 105416 (base 7) in base 8?
44453
531433 (base 6) to base 15
cbb9
-8d8 (base 15) to base 2
-11111010011
What is 3570 (base 16) in base 8?
32560
-3031001 (base 5) to base 2
-1011111011101100
10c7 (base 14) to base 3
11000010
2150 (base 7) to base 13
473
Convert 9f (base 16) to base 7.
315
What is 23624 (base 9) in base 5?
1001232
Convert -6238 (base 15) to base 14.
-77c5
12763 (base 10) to base 12
7477
What is -20300 (base 4) in base 10?
-560
What is 1134444 (base 5) in base 15?
6469
-3215 (base 6) to base 14
-3a3
Convert -10210101 (base 3) to base 5.
-42024
What is 258 (base 14) in base 3?
122102
What is -11112022 (base 3) in base 7?
-12425
423 (base 8) to base 15
135
What is 25033 (base 6) in base 7?
13524
What is -1311 (base 10) in base 9?
-1716
What is -110233 (base 5) in base 6?
-25402
What is 1348 (base 16) in base 6?
34504
What is -4431 (base 14) in base 13?
-54ac
What is 22411 (base 7) in base 5?
140232
-c83 (base 15) to base 14
-1059
Convert 103a (base 14) to base 8.
5354
124 (base 11) to base 8
223
Convert 4011 (base 11) to base 4.
1103120
-3301 (base 5) to base 7
-1213
6513 (base 7) to base 15
a43
Convert 200111 (base 4) to base 8.
4025
4148 (base 14) to base 15
34e1
Convert -130300 (base 4) to base 3.
-2112011
What is 1212002 (base 3) in base 12?
948
What is 1101220 (base 3) in base 9?
1356
Convert 1433 (base 11) to base 8.
3473
What is 1563 (base 10) in base 11?
11a1
32833 (base 10) to base 11
22739
26ab (base 14) to base 11
5136
What is -4399 (base 10) in base 9?
-6027
1c (base 15) to base 7
36
Convert -20350 (base 7) to base 4.
-1031320
12 (base 7) to base 14
9
What is -570 (base 8) in base 13?
-22c
Convert -10101 (base 6) to base 8.
-2465
-936 (base 10) to base 4
-32220
-1708 (base 11) to base 5
-32221
b95 (base 16) to base 11
2256
Convert 453 (base 9) to base 3.
111210
Convert -69 (base 10) to base 6.
-153
What is 12209 (base 11) in base 10?
17554
33120 (base 4) to base 5
12414
-948 (base 14) to base 6
-12244
What is 2c2d (base 15) in base 3?
111000121
What is -26770 (base 8) in base 14?
-4408
Convert 76041 (base 10) to base 15.
177e6
-4641 (base 7) to base 12
-b93
14005 (base 6) to base 2
100001110101
Convert 104101 (base 6) to base 13.
3c46
What is 34423 (base 7) in base 14?
32ba
What is 413b (base 16) in base 9?
24814
What is 29735 (base 10) in base 5?
1422420
Convert -2241 (base 13) to base 14.
-1a5b
Convert -3172 (base 16) to base 15.
-3b3d
What is 501 (base 8) in base 16?
141
88b8 (base 14) to base 8
56202
What is 1100101000001001 (base 2) in base 3?
2121221121
Convert -343414 (base 6) to base 5.
-1414224
Convert -a34 (base 15) to base 16.
-8fb
What is -1021 (base 4) in base 7?
-133
-701 (base 12) to base 14
-521
-13333130 (base 4) to base 14
-bd00
What is 12615 (base 7) in base 3?
11122200
23704 (base 9) to base 3
210210011
What is -5a6 (base 11) in base 9?
-881
What is 180 (base 14) in base 11?
260
Convert 37381 (base 9) to base 3.
1021102201
Convert -150242 (base 7) to base 3.
-1110200212
Convert -1233 (base 7) to base 12.
-329
24354 (base 6) to base 2
111000001110
What is 1324 (base 9) in base 15?
464
Convert -1e1 (base 15) to base 4.
-12